{"id":35,"date":"2018-11-26T15:17:01","date_gmt":"2018-11-26T15:17:01","guid":{"rendered":"http:\/\/www.theater-aesch.ch\/?page_id=35"},"modified":"2024-03-25T08:54:50","modified_gmt":"2024-03-25T08:54:50","slug":"ueber-uns","status":"publish","type":"page","link":"https:\/\/www.theater-aesch.ch\/?page_id=35","title":{"rendered":"\u00dcber uns"},"content":{"rendered":"<p>Seit \u00fcber 40 Jahren gibt es sie schon, die Theatergruppe Aesch. Wir sind stolz, sogar noch ein aktives Gr\u00fcndungsmitglied an Bord zu haben. Trotzdem sind wir f\u00fcr den Fortbestand des Vereins auf Neumitglieder angewiesen (siehe <a href=\"https:\/\/www.theater-aesch.ch\/?page_id=14\">Aktuell<\/a>).<br \/>\nNicht alle Mitglieder sind auf der B\u00fchne zu sehen, denn auch im Hintergrund gibt es immer sehr viel zu tun. Gl\u00fccklicherweise d\u00fcrfen wir hierf\u00fcr auch immer wieder auf viele treue, oft sehr langj\u00e4hrige, Helfer z\u00e4hlen.<\/p>\n<p><img loading=\"lazy\" class=\" wp-image-743 aligncenter\" src=\"https:\/\/www.theater-aesch.ch\/wp-content\/uploads\/2024\/03\/TGA_2024-300x202.jpg\" alt=\"\" width=\"719\" height=\"484\" srcset=\"https:\/\/www.theater-aesch.ch\/wp-content\/uploads\/2024\/03\/TGA_2024-300x202.jpg 300w, https:\/\/www.theater-aesch.ch\/wp-content\/uploads\/2024\/03\/TGA_2024-1024x688.jpg 1024w, https:\/\/www.theater-aesch.ch\/wp-content\/uploads\/2024\/03\/TGA_2024-768x516.jpg 768w, https:\/\/www.theater-aesch.ch\/wp-content\/uploads\/2024\/03\/TGA_2024-1536x1032.jpg 1536w, https:\/\/www.theater-aesch.ch\/wp-content\/uploads\/2024\/03\/TGA_2024-2048x1376.jpg 2048w, https:\/\/www.theater-aesch.ch\/wp-content\/uploads\/2024\/03\/TGA_2024-830x558.jpg 830w, https:\/\/www.theater-aesch.ch\/wp-content\/uploads\/2024\/03\/TGA_2024-230x155.jpg 230w, https:\/\/www.theater-aesch.ch\/wp-content\/uploads\/2024\/03\/TGA_2024-350x235.jpg 350w, https:\/\/www.theater-aesch.ch\/wp-content\/uploads\/2024\/03\/TGA_2024-480x323.jpg 480w, https:\/\/www.theater-aesch.ch\/wp-content\/uploads\/2024\/03\/TGA_2024-272x182.jpg 272w\" sizes=\"(max-width: 719px) 100vw, 719px\" \/><\/p>\n","protected":false},"excerpt":{"rendered":"<p>Seit \u00fcber 40 Jahren gibt es sie schon, die Theatergruppe Aesch. Wir sind stolz, sogar noch ein aktives Gr\u00fcndungsmitglied an Bord zu haben. Trotzdem sind wir f\u00fcr den Fortbestand des Vereins auf Neumitglieder angewiesen (siehe Aktuell). Nicht alle Mitglieder sind auf der B\u00fchne zu sehen, denn auch im Hintergrund gibt es immer sehr viel zu [&hellip;]<\/p>\n","protected":false},"author":2,"featured_media":0,"parent":0,"menu_order":0,"comment_status":"closed","ping_status":"closed","template":"","meta":[],"_links":{"self":[{"href":"https:\/\/www.theater-aesch.ch\/index.php?rest_route=\/wp\/v2\/pages\/35"}],"collection":[{"href":"https:\/\/www.theater-aesch.ch\/index.php?rest_route=\/wp\/v2\/pages"}],"about":[{"href":"https:\/\/www.theater-aesch.ch\/index.php?rest_route=\/wp\/v2\/types\/page"}],"author":[{"embeddable":true,"href":"https:\/\/www.theater-aesch.ch\/index.php?rest_route=\/wp\/v2\/users\/2"}],"replies":[{"embeddable":true,"href":"https:\/\/www.theater-aesch.ch\/index.php?rest_route=%2Fwp%2Fv2%2Fcomments&post=35"}],"version-history":[{"count":5,"href":"https:\/\/www.theater-aesch.ch\/index.php?rest_route=\/wp\/v2\/pages\/35\/revisions"}],"predecessor-version":[{"id":745,"href":"https:\/\/www.theater-aesch.ch\/index.php?rest_route=\/wp\/v2\/pages\/35\/revisions\/745"}],"wp:attachment":[{"href":"https:\/\/www.theater-aesch.ch\/index.php?rest_route=%2Fwp%2Fv2%2Fmedia&parent=35"}],"curies":[{"name":"wp","href":"https:\/\/api.w.org\/{rel}","templated":true}]}}