{"id":14,"date":"2018-11-26T15:14:48","date_gmt":"2018-11-26T15:14:48","guid":{"rendered":"http:\/\/www.theater-aesch.ch\/?page_id=14"},"modified":"2026-04-16T10:36:32","modified_gmt":"2026-04-16T10:36:32","slug":"aktuell","status":"publish","type":"page","link":"https:\/\/www.theater-aesch.ch\/?page_id=14","title":{"rendered":"Aktuell"},"content":{"rendered":"<h4><b style=\"font-size: revert;\">Liebe Theaterfreunde<\/b><\/h4>\n<p>Nach wie vor suchen wir Verst\u00e4rkung in Sachen Schauspielerinnen und Schauspieler. Aus diesem Grund k\u00f6nnen wir zur Zeit leider keine Vorstellungen planen.<\/p>\n<p>Haben Sie Interesse, bei uns auf der B\u00fchne mit zu wirken? Oder kennen jemanden, der unsere Truppe erweitern m\u00f6chte? Dann freuen wir uns auf die Kontaktaufnahme. (Mail siehe unten).<\/p>\n<p>Wir hoffen auf bessere Zeiten<br \/>\nEure Theatergruppe Aesch<\/p>\n","protected":false},"excerpt":{"rendered":"<p>Liebe Theaterfreunde Nach wie vor suchen wir Verst\u00e4rkung in Sachen Schauspielerinnen und Schauspieler. Aus diesem Grund k\u00f6nnen wir zur Zeit leider keine Vorstellungen planen. Haben Sie Interesse, bei uns auf der B\u00fchne mit zu wirken? Oder kennen jemanden, der unsere Truppe erweitern m\u00f6chte? Dann freuen wir uns auf die Kontaktaufnahme. (Mail siehe unten). Wir hoffen [&hellip;]<\/p>\n","protected":false},"author":2,"featured_media":0,"parent":0,"menu_order":0,"comment_status":"closed","ping_status":"closed","template":"","meta":[],"_links":{"self":[{"href":"https:\/\/www.theater-aesch.ch\/index.php?rest_route=\/wp\/v2\/pages\/14"}],"collection":[{"href":"https:\/\/www.theater-aesch.ch\/index.php?rest_route=\/wp\/v2\/pages"}],"about":[{"href":"https:\/\/www.theater-aesch.ch\/index.php?rest_route=\/wp\/v2\/types\/page"}],"author":[{"embeddable":true,"href":"https:\/\/www.theater-aesch.ch\/index.php?rest_route=\/wp\/v2\/users\/2"}],"replies":[{"embeddable":true,"href":"https:\/\/www.theater-aesch.ch\/index.php?rest_route=%2Fwp%2Fv2%2Fcomments&post=14"}],"version-history":[{"count":90,"href":"https:\/\/www.theater-aesch.ch\/index.php?rest_route=\/wp\/v2\/pages\/14\/revisions"}],"predecessor-version":[{"id":790,"href":"https:\/\/www.theater-aesch.ch\/index.php?rest_route=\/wp\/v2\/pages\/14\/revisions\/790"}],"wp:attachment":[{"href":"https:\/\/www.theater-aesch.ch\/index.php?rest_route=%2Fwp%2Fv2%2Fmedia&parent=14"}],"curies":[{"name":"wp","href":"https:\/\/api.w.org\/{rel}","templated":true}]}}